{"id":2,"date":"2018-06-04T11:55:23","date_gmt":"2018-06-04T09:55:23","guid":{"rendered":"http:\/\/ceradruck.de\/cera\/?page_id=2"},"modified":"2024-05-17T15:36:41","modified_gmt":"2024-05-17T13:36:41","slug":"ueber-uns","status":"publish","type":"page","link":"https:\/\/ceradruck.de\/cera\/","title":{"rendered":"\u00dcber uns"},"content":{"rendered":"<p class=\"slogan\">Seit 1996 ist die CERADRUCK GmbH Partner der verarbeitenden keramischen, technisch &#8211; graphischen Industrie.<\/p>\n\n\n\n<figure class=\"wp-block-image size-large\"><a href=\"https:\/\/ceradruck.de\/cera\/2024\/04\/03\/essbare-blueten\/\"><img loading=\"lazy\" decoding=\"async\" width=\"1024\" height=\"136\" src=\"https:\/\/ceradruck.de\/cera\/wp-content\/uploads\/2024\/05\/blumengrussbanner-1024x136.jpg\" alt=\"\" class=\"wp-image-404\" srcset=\"https:\/\/ceradruck.de\/cera\/wp-content\/uploads\/2024\/05\/blumengrussbanner-1024x136.jpg 1024w, https:\/\/ceradruck.de\/cera\/wp-content\/uploads\/2024\/05\/blumengrussbanner-300x40.jpg 300w, https:\/\/ceradruck.de\/cera\/wp-content\/uploads\/2024\/05\/blumengrussbanner-768x102.jpg 768w, https:\/\/ceradruck.de\/cera\/wp-content\/uploads\/2024\/05\/blumengrussbanner.jpg 1276w\" sizes=\"(max-width: 1024px) 100vw, 1024px\" \/><\/a><\/figure>\n\n\n<h2 class=\"centered\"><span>Niveau f\u00fcr Marken<\/span><\/h2>\n\n\n\n<p>Herausragende Schiebebildtechnik auf hohem Niveau f\u00fcr Marken ist unsere Kernkompetenz. Innovation, Funktionalit\u00e4t, Qualit\u00e4t, Termintreue sind unsere permanente Zielsetzung. Knowhow, moderne Technik, Tradition und langj\u00e4hrige Erfahrung unsere Basis. Alltag in einer globalisierten Welt, gepr\u00e4gt von Flexibilit\u00e4t, Geschwindigkeit und Neuorientierung verlangt vor allem eines: variable Konzepte,&nbsp;unkonventionelle L\u00f6sungen und funktionale Systeme.<\/p>\n\n\n\n<p>Drei SPS Siebdruckvollautomaten im voll klimatisierten Druckbereich produzieren im Dreischichtbetrieb keramische Transfers f\u00fcr Keramik, Porzellan, Glas, Emaille und Edelstahl. Eine in hohem Ma\u00dfe die Umwelt schonende vollautomatische Schablonenentschichtungsanlage, die neueste Investition bei Ceradruck.<\/p>\n\n\n<h2 class=\"centered\"><span>Kompetenzen<\/span><\/h2>\n\n\n<div id='Kompetenzen' class='widgets_on_page wop_tiny1  wop_small1  wop_medium1  wop_large1  wop_wide1'>\n\t\t\t<ul><li id=\"dorayaki_service-2\" class=\"widget widget_dorayaki_service\">\n\t\t\t<a class=\"service-box\" href=\"http:\/\/ceradruck.de\/cera\/2019\/04\/30\/porzellan-und-tischkultur\/\">\n\t\t\t\t<img decoding=\"async\" src=\"http:\/\/ceradruck.de\/cera\/wp-content\/uploads\/2019\/04\/ceradruck_gmbh_kompetenz_porzellan.jpg\" alt=\"Porzellan\" class=\"service-img\">\n\t\t\t\t<span class=\"service-name\">Porzellan<\/span>\n\t\t\t\t<span class=\"service-info\">Aufglasur & Inglasur<\/span>\n\t\t\t<\/a><!-- end .service-box -->\n\n\t   <\/li><li id=\"dorayaki_service-3\" class=\"widget widget_dorayaki_service\">\n\t\t\t<a class=\"service-box\" href=\"http:\/\/ceradruck.de\/cera\/2019\/04\/29\/glasschiebebilder\/\">\n\t\t\t\t<img decoding=\"async\" src=\"http:\/\/ceradruck.de\/cera\/wp-content\/uploads\/2019\/04\/ceradruck_gmbH_kompetenz_glas.jpg\" alt=\"Glas\" class=\"service-img\">\n\t\t\t\t<span class=\"service-name\">Glas<\/span>\n\t\t\t\t<span class=\"service-info\">Glasschiebebilder<\/span>\n\t\t\t<\/a><!-- end .service-box -->\n\n\t   <\/li><li id=\"dorayaki_service-4\" class=\"widget widget_dorayaki_service\">\n\t\t\t<a class=\"service-box\" href=\"http:\/\/ceradruck.de\/cera\/2019\/04\/29\/emaille\/\">\n\t\t\t\t<img decoding=\"async\" src=\"http:\/\/ceradruck.de\/cera\/wp-content\/uploads\/2019\/04\/ceradruck_gmbH_kompetenz_emailie.jpg\" alt=\"Emaille\" class=\"service-img\">\n\t\t\t\t<span class=\"service-name\">Emaille<\/span>\n\t\t\t\t<span class=\"service-info\">Nostalgie & Moderne<\/span>\n\t\t\t<\/a><!-- end .service-box -->\n\n\t   <\/li><li id=\"dorayaki_service-24\" class=\"widget widget_dorayaki_service\">\n\t\t\t<a class=\"service-box\" href=\"http:\/\/ceradruck.de\/cera\/2019\/05\/09\/x-pression\/\">\n\t\t\t\t<img decoding=\"async\" src=\"http:\/\/ceradruck.de\/cera\/wp-content\/uploads\/2019\/05\/ceradruck_xpression_farben.jpg\" alt=\"X-Pression\" class=\"service-img\">\n\t\t\t\t<span class=\"service-name\">X-Pression<\/span>\n\t\t\t\t<span class=\"service-info\">Organische Farbsysteme<\/span>\n\t\t\t<\/a><!-- end .service-box -->\n\n\t   <\/li><li id=\"dorayaki_service-25\" class=\"widget widget_dorayaki_service\">\n\t\t\t<a class=\"service-box\" href=\"http:\/\/ceradruck.de\/cera\/2019\/05\/09\/induktion\/\">\n\t\t\t\t<img decoding=\"async\" src=\"http:\/\/ceradruck.de\/cera\/wp-content\/uploads\/2019\/05\/ceradruck_induktion.jpg\" alt=\"Induktion\" class=\"service-img\">\n\t\t\t\t<span class=\"service-name\">Induktion<\/span>\n\t\t\t\t<span class=\"service-info\">Induktionsschiebebilder<\/span>\n\t\t\t<\/a><!-- end .service-box -->\n\n\t   <\/li><\/ul><\/div><!-- widgets_on_page -->\n\n\n\n<p>Neben den traditionellen Farbseparationen arbeiten wir in allen Brennbereichen mit unseren reduzierten Farbsystemen.&nbsp;Nutzen Sie die daraus resultierende kosteng\u00fcnstige Sammeldruckstrategie.<\/p>\n\n\n\n<p><a href=\"https:\/\/ceradruck.de\/cera\/kontakt\/\">Wir informieren Sie gerne!<\/a><\/p>\n","protected":false},"excerpt":{"rendered":"<p>Herausragende Schiebebildtechnik auf hohem Niveau f\u00fcr Marken ist unsere Kernkompetenz. Innovation, Funktionalit\u00e4t, Qualit\u00e4t, Termintreue sind unsere permanente Zielsetzung. Knowhow, moderne Technik, Tradition und langj\u00e4hrige Erfahrung unsere Basis. Alltag in einer globalisierten Welt, gepr\u00e4gt von Flexibilit\u00e4t, Geschwindigkeit und Neuorientierung verlangt vor allem eines: variable Konzepte,&nbsp;unkonventionelle L\u00f6sungen und &hellip; <\/p>\n<p><a href=\"https:\/\/ceradruck.de\/cera\/\" class=\"more-link\"><span class=\"morelink-icon\">Weiterlesen<\/span><\/a><\/p>\n","protected":false},"author":1,"featured_media":0,"parent":0,"menu_order":0,"comment_status":"closed","ping_status":"closed","template":"","meta":{"footnotes":""},"class_list":["post-2","page","type-page","status-publish","hentry"],"_links":{"self":[{"href":"https:\/\/ceradruck.de\/cera\/wp-json\/wp\/v2\/pages\/2"}],"collection":[{"href":"https:\/\/ceradruck.de\/cera\/wp-json\/wp\/v2\/pages"}],"about":[{"href":"https:\/\/ceradruck.de\/cera\/wp-json\/wp\/v2\/types\/page"}],"author":[{"embeddable":true,"href":"https:\/\/ceradruck.de\/cera\/wp-json\/wp\/v2\/users\/1"}],"replies":[{"embeddable":true,"href":"https:\/\/ceradruck.de\/cera\/wp-json\/wp\/v2\/comments?post=2"}],"version-history":[{"count":0,"href":"https:\/\/ceradruck.de\/cera\/wp-json\/wp\/v2\/pages\/2\/revisions"}],"wp:attachment":[{"href":"https:\/\/ceradruck.de\/cera\/wp-json\/wp\/v2\/media?parent=2"}],"curies":[{"name":"wp","href":"https:\/\/api.w.org\/{rel}","templated":true}]}}